{"id":18,"date":"2019-06-06T05:01:02","date_gmt":"2019-06-06T08:01:02","guid":{"rendered":"http:\/\/192.168.90.90\/?page_id=3"},"modified":"2022-04-07T02:34:27","modified_gmt":"2022-04-07T06:34:27","slug":"politicas-de-privacidad","status":"publish","type":"page","link":"https:\/\/www.tbhs.cl\/?page_id=18","title":{"rendered":"Pol\u00edticas de Privacidad"},"content":{"rendered":"\n<h2>Qui\u00e9nes somos<\/h2>\n\n\n\n<p>Nuestra direcci\u00f3n de sitio web es: <a href=\"https:\/\/www.tbhs.cl\">www.tbhs.cl<\/a><\/p>\n\n\n\n<h2>Qu\u00e9 datos personales recopilamos y por qu\u00e9 lo recogemos<\/h2>\n\n\n\n<h3>Multimedia<\/h3>\n\n\n\n<p>Si subes im\u00e1genes al sitio web, debes evitar cargar im\u00e1genes con datos de ubicaci\u00f3n incrustados (EXIF GPS). Los visitantes del sitio web pueden descargar y extraer los datos de la ubicaci\u00f3n de las im\u00e1genes en el sitio Web.<\/p>\n\n\n\n<h3>Formularios de Contacto<\/h3>\n\n\n\n<h3>Cookies<\/h3>\n\n\n\n<p>Si deja un Comentario en nuestro sitio puedes optar por guardar tu nombre, direcci\u00f3n de correo electr\u00f3nico y sitio web en cookies. \u00c9stos son para tu conveniencia de modo que no tengas que rellenar tus datos otra vez cuando dejes otro comentario. Estas cookies durar\u00e1n un a\u00f1o.<\/p>\n\n\n\n<p>Si tienes una cuenta e inicias sesi\u00f3n en este sitio, configuraremos una cookie temporal para determinar si tu navegador acepta cookies. Esta cookie no contiene datos personales y se descarta al cerrar el navegador.<\/p>\n\n\n\n<p>Cuando inicies sesi\u00f3n, tambi\u00e9n configuraremos varias cookies para guardar tu informaci\u00f3n de inicio de sesi\u00f3n y sus opciones de visualizaci\u00f3n en pantalla. Las cookies de inicio de sesi\u00f3n duran dos d\u00edas y las cookies de opciones de pantalla duran un a\u00f1o. Si selecciona &#8220;Recordarme&#8221; en tu inicio de sesi\u00f3n se mantendr\u00e1 durante dos semanas. Si cierra la sesi\u00f3n de tu cuenta, se eliminar\u00e1n las cookies de inicio de sesi\u00f3n.<\/p>\n\n\n\n<p>Si editas o publicas un art\u00edculo, una cookie adicional se guardar\u00e1 en tu navegador. Esta cookie no incluye datos personales y simplemente indica el ID de correo del art\u00edculo que acabas de editar. Expira despu\u00e9s de 1 d\u00eda.<\/p>\n\n\n\n<h3>Contenido incrustado de otros sitios web<\/h3>\n\n\n\n<p>Los art\u00edculos en este sitio pueden incluir contenido incrustado (por ejemplo, videos, im\u00e1genes, art\u00edculos, etc.). El contenido incrustado de otros sitios web se comporta de la misma manera que si el visitante hubiera visitado el otro sitio web.<\/p>\n\n\n\n<p>Estos sitios web pueden recopilar datos sobre ti, utilizar cookies, incrustar un seguimiento adicional de terceros y supervisar tu interacci\u00f3n con ese contenido incrustado, incluido el seguimiento de tu interacci\u00f3n con el contenido incrustado si tiene una cuenta y est\u00e1 conectado a dicho sitio web.<\/p>\n\n\n\n<h3>Anal\u00edticas<\/h3>\n\n\n\n<h2>Con qui\u00e9n compartimos tus datos<\/h2>\n\n\n\n<h2>Cu\u00e1nto tiempo conservamos tus datos<\/h2>\n\n\n\n<p>Si dejas un comentario, el comentario y sus metadatos se conservan indefinidamente. Esto es para que podamos reconocer y aprobar autom\u00e1ticamente cualquier comentario de seguimiento en lugar de mantenerlos en una cola de moderaci\u00f3n.<\/p>\n\n\n\n<p>Para los usuarios que se registren en nuestro sitio web (si los hay), tambi\u00e9n almacenamos la informaci\u00f3n personal que proporcionan en su perfil de usuario. Todos los usuarios pueden ver, editar o borrar su informaci\u00f3n personal en cualquier momento (excepto que no pueden cambiar su nombre de usuario). Los administradores de sitios web tambi\u00e9n pueden ver y editar esa informaci\u00f3n.<\/p>\n\n\n\n<h2>Qu\u00e9 derechos tienen sobre sus datos<\/h2>\n\n\n\n<p>Si tienes una cuenta en este sitio, o ha dejado comentarios, puedes solicitar recibir un archivo exportado de los datos personales que tengamos sobre usted, incluyendo cualquier dato que nos haya proporcionado. Tambi\u00e9n puede solicitar que borremos cualquier dato personal que mantengamos sobre usted. Esto no incluye los datos que estamos obligados a mantener para fines administrativos, legales o de seguridad.<\/p>\n\n\n\n<h2>D\u00f3nde enviamos tus datos<\/h2>\n\n\n\n<p>Los comentarios de los visitantes se pueden verificar a trav\u00e9s de un servicio autom\u00e1tico de detecci\u00f3n de spam.<\/p>\n","protected":false},"excerpt":{"rendered":"<p>Qui\u00e9nes somos Nuestra direcci\u00f3n de sitio web es: www.tbhs.cl Qu\u00e9 datos personales recopilamos y por qu\u00e9 lo recogemos Multimedia Si subes im\u00e1genes al sitio web, debes evitar cargar im\u00e1genes con datos de ubicaci\u00f3n incrustados (EXIF GPS). Los visitantes del sitio web pueden descargar y extraer los datos de la ubicaci\u00f3n de las im\u00e1genes en el [&hellip;]<\/p>\n","protected":false},"author":1,"featured_media":0,"parent":0,"menu_order":0,"comment_status":"closed","ping_status":"open","template":"","meta":[],"featured_image_urls":{"full":"","thumbnail":"","medium":"","medium_large":"","large":"","1536x1536":"","2048x2048":""},"post_excerpt_stackable":"<p>Qui\u00e9nes somos Nuestra direcci\u00f3n de sitio web es: www.tbhs.cl Qu\u00e9 datos personales recopilamos y por qu\u00e9 lo recogemos Multimedia Si subes im\u00e1genes al sitio web, debes evitar cargar im\u00e1genes con datos de ubicaci\u00f3n incrustados (EXIF GPS). Los visitantes del sitio web pueden descargar y extraer los datos de la ubicaci\u00f3n de las im\u00e1genes en el sitio Web. Formularios de Contacto Cookies Si deja un Comentario en nuestro sitio puedes optar por guardar tu nombre, direcci\u00f3n de correo electr\u00f3nico y sitio web en cookies. \u00c9stos son para tu conveniencia de modo que no tengas que rellenar tus datos otra vez cuando&hellip;<\/p>\n","category_list":"","author_info":{"name":"TheBass","url":"https:\/\/www.tbhs.cl\/?author=1"},"comments_num":"0 comentarios","featured_image_urls_v2":{"full":"","thumbnail":"","medium":"","medium_large":"","large":"","1536x1536":"","2048x2048":""},"post_excerpt_stackable_v2":"<p>Qui\u00e9nes somos Nuestra direcci\u00f3n de sitio web es: www.tbhs.cl Qu\u00e9 datos personales recopilamos y por qu\u00e9 lo recogemos Multimedia Si subes im\u00e1genes al sitio web, debes evitar cargar im\u00e1genes con datos de ubicaci\u00f3n incrustados (EXIF GPS). Los visitantes del sitio web pueden descargar y extraer los datos de la ubicaci\u00f3n de las im\u00e1genes en el sitio Web. Formularios de Contacto Cookies Si deja un Comentario en nuestro sitio puedes optar por guardar tu nombre, direcci\u00f3n de correo electr\u00f3nico y sitio web en cookies. \u00c9stos son para tu conveniencia de modo que no tengas que rellenar tus datos otra vez cuando&hellip;<\/p>\n","category_list_v2":"","author_info_v2":{"name":"TheBass","url":"https:\/\/www.tbhs.cl\/?author=1"},"comments_num_v2":"0 comentarios","yoast_head":"<!-- This site is optimized with the Yoast SEO Premium plugin v17.8 (Yoast SEO v18.5.1) - https:\/\/yoast.com\/wordpress\/plugins\/seo\/ -->\n<title>Pol\u00edticas de Privacidad - TBHS SpA<\/title>\n<meta name=\"robots\" content=\"index, follow, max-snippet:-1, max-image-preview:large, max-video-preview:-1\" \/>\n<link rel=\"canonical\" href=\"https:\/\/www.tbhs.cl\/?page_id=18\" \/>\n<meta property=\"og:locale\" content=\"es_ES\" \/>\n<meta property=\"og:type\" content=\"article\" \/>\n<meta property=\"og:title\" content=\"Pol\u00edticas de Privacidad\" \/>\n<meta property=\"og:description\" content=\"Qui\u00e9nes somos Nuestra direcci\u00f3n de sitio web es: www.tbhs.cl Qu\u00e9 datos personales recopilamos y por qu\u00e9 lo recogemos Multimedia Si subes im\u00e1genes al sitio web, debes evitar cargar im\u00e1genes con datos de ubicaci\u00f3n incrustados (EXIF GPS). Los visitantes del sitio web pueden descargar y extraer los datos de la ubicaci\u00f3n de las im\u00e1genes en el [&hellip;]\" \/>\n<meta property=\"og:url\" content=\"https:\/\/www.tbhs.cl\/?page_id=18\" \/>\n<meta property=\"og:site_name\" content=\"TBHS SpA\" \/>\n<meta property=\"article:modified_time\" content=\"2022-04-07T06:34:27+00:00\" \/>\n<meta name=\"twitter:card\" content=\"summary_large_image\" \/>\n<meta name=\"twitter:label1\" content=\"Tiempo de lectura\" \/>\n\t<meta name=\"twitter:data1\" content=\"3 minutos\" \/>\n<script type=\"application\/ld+json\" class=\"yoast-schema-graph\">{\"@context\":\"https:\/\/schema.org\",\"@graph\":[{\"@type\":\"WebSite\",\"@id\":\"https:\/\/www.tbhs.cl\/#website\",\"url\":\"https:\/\/www.tbhs.cl\/\",\"name\":\"TBHS SpA\",\"description\":\"Imagina las posibilidades, piensa en grande...\",\"potentialAction\":[{\"@type\":\"SearchAction\",\"target\":{\"@type\":\"EntryPoint\",\"urlTemplate\":\"https:\/\/www.tbhs.cl\/?s={search_term_string}\"},\"query-input\":\"required name=search_term_string\"}],\"inLanguage\":\"es\"},{\"@type\":\"WebPage\",\"@id\":\"https:\/\/www.tbhs.cl\/?page_id=18#webpage\",\"url\":\"https:\/\/www.tbhs.cl\/?page_id=18\",\"name\":\"Pol\u00edticas de Privacidad - TBHS SpA\",\"isPartOf\":{\"@id\":\"https:\/\/www.tbhs.cl\/#website\"},\"datePublished\":\"2019-06-06T08:01:02+00:00\",\"dateModified\":\"2022-04-07T06:34:27+00:00\",\"breadcrumb\":{\"@id\":\"https:\/\/www.tbhs.cl\/?page_id=18#breadcrumb\"},\"inLanguage\":\"es\",\"potentialAction\":[{\"@type\":\"ReadAction\",\"target\":[\"https:\/\/www.tbhs.cl\/?page_id=18\"]}]},{\"@type\":\"BreadcrumbList\",\"@id\":\"https:\/\/www.tbhs.cl\/?page_id=18#breadcrumb\",\"itemListElement\":[{\"@type\":\"ListItem\",\"position\":1,\"name\":\"Portada\",\"item\":\"https:\/\/www.tbhs.cl\/\"},{\"@type\":\"ListItem\",\"position\":2,\"name\":\"Pol\u00edticas de Privacidad\"}]}]}<\/script>\n<!-- \/ Yoast SEO Premium plugin. -->","yoast_head_json":{"title":"Pol\u00edticas de Privacidad - TBHS SpA","robots":{"index":"index","follow":"follow","max-snippet":"max-snippet:-1","max-image-preview":"max-image-preview:large","max-video-preview":"max-video-preview:-1"},"canonical":"https:\/\/www.tbhs.cl\/?page_id=18","og_locale":"es_ES","og_type":"article","og_title":"Pol\u00edticas de Privacidad","og_description":"Qui\u00e9nes somos Nuestra direcci\u00f3n de sitio web es: www.tbhs.cl Qu\u00e9 datos personales recopilamos y por qu\u00e9 lo recogemos Multimedia Si subes im\u00e1genes al sitio web, debes evitar cargar im\u00e1genes con datos de ubicaci\u00f3n incrustados (EXIF GPS). Los visitantes del sitio web pueden descargar y extraer los datos de la ubicaci\u00f3n de las im\u00e1genes en el [&hellip;]","og_url":"https:\/\/www.tbhs.cl\/?page_id=18","og_site_name":"TBHS SpA","article_modified_time":"2022-04-07T06:34:27+00:00","twitter_card":"summary_large_image","twitter_misc":{"Tiempo de lectura":"3 minutos"},"schema":{"@context":"https:\/\/schema.org","@graph":[{"@type":"WebSite","@id":"https:\/\/www.tbhs.cl\/#website","url":"https:\/\/www.tbhs.cl\/","name":"TBHS SpA","description":"Imagina las posibilidades, piensa en grande...","potentialAction":[{"@type":"SearchAction","target":{"@type":"EntryPoint","urlTemplate":"https:\/\/www.tbhs.cl\/?s={search_term_string}"},"query-input":"required name=search_term_string"}],"inLanguage":"es"},{"@type":"WebPage","@id":"https:\/\/www.tbhs.cl\/?page_id=18#webpage","url":"https:\/\/www.tbhs.cl\/?page_id=18","name":"Pol\u00edticas de Privacidad - TBHS SpA","isPartOf":{"@id":"https:\/\/www.tbhs.cl\/#website"},"datePublished":"2019-06-06T08:01:02+00:00","dateModified":"2022-04-07T06:34:27+00:00","breadcrumb":{"@id":"https:\/\/www.tbhs.cl\/?page_id=18#breadcrumb"},"inLanguage":"es","potentialAction":[{"@type":"ReadAction","target":["https:\/\/www.tbhs.cl\/?page_id=18"]}]},{"@type":"BreadcrumbList","@id":"https:\/\/www.tbhs.cl\/?page_id=18#breadcrumb","itemListElement":[{"@type":"ListItem","position":1,"name":"Portada","item":"https:\/\/www.tbhs.cl\/"},{"@type":"ListItem","position":2,"name":"Pol\u00edticas de Privacidad"}]}]}},"_links":{"self":[{"href":"https:\/\/www.tbhs.cl\/index.php?rest_route=\/wp\/v2\/pages\/18"}],"collection":[{"href":"https:\/\/www.tbhs.cl\/index.php?rest_route=\/wp\/v2\/pages"}],"about":[{"href":"https:\/\/www.tbhs.cl\/index.php?rest_route=\/wp\/v2\/types\/page"}],"author":[{"embeddable":true,"href":"https:\/\/www.tbhs.cl\/index.php?rest_route=\/wp\/v2\/users\/1"}],"replies":[{"embeddable":true,"href":"https:\/\/www.tbhs.cl\/index.php?rest_route=%2Fwp%2Fv2%2Fcomments&post=18"}],"version-history":[{"count":2,"href":"https:\/\/www.tbhs.cl\/index.php?rest_route=\/wp\/v2\/pages\/18\/revisions"}],"predecessor-version":[{"id":1166,"href":"https:\/\/www.tbhs.cl\/index.php?rest_route=\/wp\/v2\/pages\/18\/revisions\/1166"}],"wp:attachment":[{"href":"https:\/\/www.tbhs.cl\/index.php?rest_route=%2Fwp%2Fv2%2Fmedia&parent=18"}],"curies":[{"name":"wp","href":"https:\/\/api.w.org\/{rel}","templated":true}]}}